{"id":85,"date":"2023-06-12T15:45:56","date_gmt":"2023-06-12T13:45:56","guid":{"rendered":"https:\/\/www.hotel-france-camaret.com\/?page_id=85"},"modified":"2023-06-22T10:20:44","modified_gmt":"2023-06-22T08:20:44","slug":"le-menez-hom","status":"publish","type":"page","link":"https:\/\/www.hotel-france-camaret.com\/en\/cap-sur-la-bretagne-hotel-finistere\/le-menez-hom\/","title":{"rendered":"Le Menez Hom"},"content":{"rendered":"<div data-elementor-type=\"wp-page\" data-elementor-id=\"85\" class=\"elementor elementor-85\" data-elementor-post-type=\"page\">\n\t\t\t\t<div class=\"elementor-element elementor-element-488275d9 e-flex e-con-boxed e-con e-parent\" data-id=\"488275d9\" data-element_type=\"container\" data-e-type=\"container\" data-settings=\"{&quot;background_background&quot;:&quot;classic&quot;}\">\n\t\t\t\t\t<div class=\"e-con-inner\">\n\t\t\t\t<div class=\"elementor-element elementor-element-3967acd4 elementor-widget elementor-widget-heading\" data-id=\"3967acd4\" data-element_type=\"widget\" data-e-type=\"widget\" data-widget_type=\"heading.default\">\n\t\t\t\t<div class=\"elementor-widget-container\">\n\t\t\t\t\t<h1 class=\"elementor-heading-title elementor-size-default\">Le Menez Hom<\/h1>\t\t\t\t<\/div>\n\t\t\t\t<\/div>\n\t\t\t\t<div class=\"elementor-element elementor-element-414a5207 elementor-widget elementor-widget-heading\" data-id=\"414a5207\" data-element_type=\"widget\" data-e-type=\"widget\" data-widget_type=\"heading.default\">\n\t\t\t\t<div class=\"elementor-widget-container\">\n\t\t\t\t\t<h2 class=\"elementor-heading-title elementor-size-default\">One of the highest points in Brittany<\/h2>\t\t\t\t<\/div>\n\t\t\t\t<\/div>\n\t\t\t\t\t<\/div>\n\t\t\t\t<\/div>\n\t\t<div class=\"elementor-element elementor-element-ea2b636 e-flex e-con-boxed e-con e-parent\" data-id=\"ea2b636\" data-element_type=\"container\" data-e-type=\"container\" data-settings=\"{&quot;background_background&quot;:&quot;classic&quot;}\">\n\t\t\t\t\t<div class=\"e-con-inner\">\n\t\t<div class=\"elementor-element elementor-element-77f62e7c e-con-full e-flex e-con e-parent\" data-id=\"77f62e7c\" data-element_type=\"container\" data-e-type=\"container\">\n\t\t\t\t<div class=\"elementor-element elementor-element-f4a06bf elementor-widget elementor-widget-heading\" data-id=\"f4a06bf\" data-element_type=\"widget\" data-e-type=\"widget\" data-widget_type=\"heading.default\">\n\t\t\t\t<div class=\"elementor-widget-container\">\n\t\t\t\t\t<h2 class=\"elementor-heading-title elementor-size-default\">One of the highest points in Brittany<\/h2>\t\t\t\t<\/div>\n\t\t\t\t<\/div>\n\t\t\t\t<div class=\"elementor-element elementor-element-522c7068 elementor-widget elementor-widget-heading\" data-id=\"522c7068\" data-element_type=\"widget\" data-e-type=\"widget\" data-widget_type=\"heading.default\">\n\t\t\t\t<div class=\"elementor-widget-container\">\n\t\t\t\t\t<h2 class=\"elementor-heading-title elementor-size-default\">Le Menez Hom<\/h2>\t\t\t\t<\/div>\n\t\t\t\t<\/div>\n\t\t\t\t<div class=\"elementor-element elementor-element-a3c35d0 elementor-widget elementor-widget-text-editor\" data-id=\"a3c35d0\" data-element_type=\"widget\" data-e-type=\"widget\" data-widget_type=\"text-editor.default\">\n\t\t\t\t<div class=\"elementor-widget-container\">\n\t\t\t\t\t\t\t\t\t<p>Menez Hom is one of the highest peaks in Brittany. It rises 330 metres above the Crozon peninsula and offers exceptional views over the Porzay, the Bay of Douarnenez, the Aulne, the Crozon peninsula and the harbour of Brest.<\/p><p>After a pleasant climb along the footpaths, you'll reach its summit. And there, the view is exceptional. On the ocean side, you have a view from the bay of Douarnenez to the south and as far as the harbour of Brest to the north.<\/p><p>On the land side, you can see the Monts d'Arr\u00e9e, Montagne St-Michel, Montagnes Noires and Montagne de Locronan. And if you're a keen walker, there are hundreds of kilometres of way-marked paths where you can discover these wild expanses where nature has retained all its rights.<\/p>\t\t\t\t\t\t\t\t<\/div>\n\t\t\t\t<\/div>\n\t\t\t\t<\/div>\n\t\t<div class=\"elementor-element elementor-element-2054f8d7 e-con-full tourisme-img-left e-flex e-con e-parent\" data-id=\"2054f8d7\" data-element_type=\"container\" data-e-type=\"container\">\n\t\t\t\t<div class=\"elementor-element elementor-element-1fd01d34 elementor-widget elementor-widget-image\" data-id=\"1fd01d34\" data-element_type=\"widget\" data-e-type=\"widget\" data-widget_type=\"image.default\">\n\t\t\t\t<div class=\"elementor-widget-container\">\n\t\t\t\t\t\t\t\t\t\t\t\t\t\t\t<img fetchpriority=\"high\" decoding=\"async\" width=\"677\" height=\"452\" src=\"https:\/\/www.hotel-france-camaret.com\/wp-content\/uploads\/2023\/06\/d72f03a9d09c78a996f240552c4a308256cd5e18.jpeg\" class=\"attachment-large size-large wp-image-814\" alt=\"\" srcset=\"https:\/\/www.hotel-france-camaret.com\/wp-content\/uploads\/2023\/06\/d72f03a9d09c78a996f240552c4a308256cd5e18.jpeg 677w, https:\/\/www.hotel-france-camaret.com\/wp-content\/uploads\/2023\/06\/d72f03a9d09c78a996f240552c4a308256cd5e18-300x200.jpeg 300w, https:\/\/www.hotel-france-camaret.com\/wp-content\/uploads\/2023\/06\/d72f03a9d09c78a996f240552c4a308256cd5e18-18x12.jpeg 18w\" sizes=\"(max-width: 677px) 100vw, 677px\" title=\"\">\t\t\t\t\t\t\t\t\t\t\t\t\t\t\t<\/div>\n\t\t\t\t<\/div>\n\t\t\t\t<\/div>\n\t\t\t\t\t<\/div>\n\t\t\t\t<\/div>\n\t\t<div class=\"elementor-element elementor-element-53a076e6 e-flex e-con-boxed e-con e-parent\" data-id=\"53a076e6\" data-element_type=\"container\" data-e-type=\"container\">\n\t\t\t\t\t<div class=\"e-con-inner\">\n\t\t\t\t<div class=\"elementor-element elementor-element-36ba050c elementor-widget elementor-widget-heading\" data-id=\"36ba050c\" data-element_type=\"widget\" data-e-type=\"widget\" data-widget_type=\"heading.default\">\n\t\t\t\t<div class=\"elementor-widget-container\">\n\t\t\t\t\t<h3 class=\"elementor-heading-title elementor-size-default\">Find out more about Brittany<\/h3>\t\t\t\t<\/div>\n\t\t\t\t<\/div>\n\t\t<div class=\"elementor-element elementor-element-cdc0746 e-flex e-con-boxed e-con e-parent\" data-id=\"cdc0746\" data-element_type=\"container\" data-e-type=\"container\">\n\t\t\t\t\t<div class=\"e-con-inner\">\n\t\t<div class=\"elementor-element elementor-element-f74d622 e-flex e-con-boxed e-con e-parent\" data-id=\"f74d622\" data-element_type=\"container\" data-e-type=\"container\">\n\t\t\t\t\t<div class=\"e-con-inner\">\n\t\t\t\t<div class=\"elementor-element elementor-element-e35a6b7 elementor-position-inline-start elementor-mobile-position-inline-start elementor-view-default elementor-widget elementor-widget-icon-box\" data-id=\"e35a6b7\" data-element_type=\"widget\" data-e-type=\"widget\" data-widget_type=\"icon-box.default\">\n\t\t\t\t<div class=\"elementor-widget-container\">\n\t\t\t\t\t\t\t<div class=\"elementor-icon-box-wrapper\">\n\n\t\t\t\t\t\t<div class=\"elementor-icon-box-icon\">\n\t\t\t\t<a href=\"https:\/\/www.hotel-france-camaret.com\/en\/cap-sur-la-bretagne-hotel-finistere\/le-parc-regional-darmorique\/\" class=\"elementor-icon\" tabindex=\"-1\" aria-label=\"Armorique Regional Park\">\n\t\t\t\t<i aria-hidden=\"true\" class=\"fas fa-angle-left\"><\/i>\t\t\t\t<\/a>\n\t\t\t<\/div>\n\t\t\t\n\t\t\t\t\t\t<div class=\"elementor-icon-box-content\">\n\n\t\t\t\t\t\t\t\t\t<h3 class=\"elementor-icon-box-title\">\n\t\t\t\t\t\t<a href=\"https:\/\/www.hotel-france-camaret.com\/en\/cap-sur-la-bretagne-hotel-finistere\/le-parc-regional-darmorique\/\" >\n\t\t\t\t\t\t\tArmorique Regional Park\t\t\t\t\t\t<\/a>\n\t\t\t\t\t<\/h3>\n\t\t\t\t\n\t\t\t\t\n\t\t\t<\/div>\n\t\t\t\n\t\t<\/div>\n\t\t\t\t\t\t<\/div>\n\t\t\t\t<\/div>\n\t\t\t\t\t<\/div>\n\t\t\t\t<\/div>\n\t\t<div class=\"elementor-element elementor-element-dadf5b1 e-flex e-con-boxed e-con e-parent\" data-id=\"dadf5b1\" data-element_type=\"container\" data-e-type=\"container\">\n\t\t\t\t\t<div class=\"e-con-inner\">\n\t\t\t\t<div class=\"elementor-element elementor-element-3de2b40 elementor-position-inline-end elementor-mobile-position-inline-end elementor-view-default elementor-widget elementor-widget-icon-box\" data-id=\"3de2b40\" data-element_type=\"widget\" data-e-type=\"widget\" data-widget_type=\"icon-box.default\">\n\t\t\t\t<div class=\"elementor-widget-container\">\n\t\t\t\t\t\t\t<div class=\"elementor-icon-box-wrapper\">\n\n\t\t\t\t\t\t<div class=\"elementor-icon-box-icon\">\n\t\t\t\t<a href=\"https:\/\/www.hotel-france-camaret.com\/en\/cap-sur-la-bretagne-hotel-finistere\/camaret-sur-mer\/\" class=\"elementor-icon\" tabindex=\"-1\" aria-label=\"Camaret-sur-Mer\">\n\t\t\t\t<i aria-hidden=\"true\" class=\"fas fa-angle-right\"><\/i>\t\t\t\t<\/a>\n\t\t\t<\/div>\n\t\t\t\n\t\t\t\t\t\t<div class=\"elementor-icon-box-content\">\n\n\t\t\t\t\t\t\t\t\t<h3 class=\"elementor-icon-box-title\">\n\t\t\t\t\t\t<a href=\"https:\/\/www.hotel-france-camaret.com\/en\/cap-sur-la-bretagne-hotel-finistere\/camaret-sur-mer\/\" >\n\t\t\t\t\t\t\tCamaret-sur-Mer\t\t\t\t\t\t<\/a>\n\t\t\t\t\t<\/h3>\n\t\t\t\t\n\t\t\t\t\n\t\t\t<\/div>\n\t\t\t\n\t\t<\/div>\n\t\t\t\t\t\t<\/div>\n\t\t\t\t<\/div>\n\t\t\t\t\t<\/div>\n\t\t\t\t<\/div>\n\t\t\t\t\t<\/div>\n\t\t\t\t<\/div>\n\t\t\t\t\t<\/div>\n\t\t\t\t<\/div>\n\t\t\t\t<\/div>","protected":false},"excerpt":{"rendered":"<p>Le Menez Hom L\u2019un des points culminants de la Bretagne L\u2019un des points culminants de la Bretagne Le Menez Hom Le Menez Hom est l&rsquo;un des plus hauts sommets de Bretagne. Il culmine \u00e0 330 m\u00e8tres au-dessus de la Presqu&rsquo;\u00eele de Crozon et offre un panorama exceptionnel sur le Porzay, la Baie de Douarnenez, l&rsquo;Aulne, [&hellip;]<\/p>\n","protected":false},"author":12,"featured_media":0,"parent":61,"menu_order":0,"comment_status":"closed","ping_status":"closed","template":"","meta":{"inline_featured_image":false,"footnotes":""},"class_list":["post-85","page","type-page","status-publish","hentry"],"_links":{"self":[{"href":"https:\/\/www.hotel-france-camaret.com\/en\/wp-json\/wp\/v2\/pages\/85","targetHints":{"allow":["GET"]}}],"collection":[{"href":"https:\/\/www.hotel-france-camaret.com\/en\/wp-json\/wp\/v2\/pages"}],"about":[{"href":"https:\/\/www.hotel-france-camaret.com\/en\/wp-json\/wp\/v2\/types\/page"}],"author":[{"embeddable":true,"href":"https:\/\/www.hotel-france-camaret.com\/en\/wp-json\/wp\/v2\/users\/12"}],"replies":[{"embeddable":true,"href":"https:\/\/www.hotel-france-camaret.com\/en\/wp-json\/wp\/v2\/comments?post=85"}],"version-history":[{"count":16,"href":"https:\/\/www.hotel-france-camaret.com\/en\/wp-json\/wp\/v2\/pages\/85\/revisions"}],"predecessor-version":[{"id":1083,"href":"https:\/\/www.hotel-france-camaret.com\/en\/wp-json\/wp\/v2\/pages\/85\/revisions\/1083"}],"up":[{"embeddable":true,"href":"https:\/\/www.hotel-france-camaret.com\/en\/wp-json\/wp\/v2\/pages\/61"}],"wp:attachment":[{"href":"https:\/\/www.hotel-france-camaret.com\/en\/wp-json\/wp\/v2\/media?parent=85"}],"curies":[{"name":"wp","href":"https:\/\/api.w.org\/{rel}","templated":true}]}}

<div data-elementor-type="wp-page" data-elementor-id="85" class="elementor elementor-85" data-elementor-post-type="page">
				<div class="elementor-element elementor-element-488275d9 e-flex e-con-boxed e-con e-parent" data-id="488275d9" data-element_type="container" data-e-type="container" data-settings="{&quot;background_background&quot;:&quot;classic&quot;}">
					<div class="e-con-inner">
				<div class="elementor-element elementor-element-3967acd4 elementor-widget elementor-widget-heading" data-id="3967acd4" data-element_type="widget" data-e-type="widget" data-widget_type="heading.default">
				<div class="elementor-widget-container">
					<h1 class="elementor-heading-title elementor-size-default">Le Menez Hom</h1>				</div>
				</div>
				<div class="elementor-element elementor-element-414a5207 elementor-widget elementor-widget-heading" data-id="414a5207" data-element_type="widget" data-e-type="widget" data-widget_type="heading.default">
				<div class="elementor-widget-container">
					<h2 class="elementor-heading-title elementor-size-default">One of the highest points in Brittany</h2>				</div>
				</div>
					</div>
				</div>
		<div class="elementor-element elementor-element-ea2b636 e-flex e-con-boxed e-con e-parent" data-id="ea2b636" data-element_type="container" data-e-type="container" data-settings="{&quot;background_background&quot;:&quot;classic&quot;}">
					<div class="e-con-inner">
		<div class="elementor-element elementor-element-77f62e7c e-con-full e-flex e-con e-parent" data-id="77f62e7c" data-element_type="container" data-e-type="container">
				<div class="elementor-element elementor-element-f4a06bf elementor-widget elementor-widget-heading" data-id="f4a06bf" data-element_type="widget" data-e-type="widget" data-widget_type="heading.default">
				<div class="elementor-widget-container">
					<h2 class="elementor-heading-title elementor-size-default">One of the highest points in Brittany</h2>				</div>
				</div>
				<div class="elementor-element elementor-element-522c7068 elementor-widget elementor-widget-heading" data-id="522c7068" data-element_type="widget" data-e-type="widget" data-widget_type="heading.default">
				<div class="elementor-widget-container">
					<h2 class="elementor-heading-title elementor-size-default">Le Menez Hom</h2>				</div>
				</div>
				<div class="elementor-element elementor-element-a3c35d0 elementor-widget elementor-widget-text-editor" data-id="a3c35d0" data-element_type="widget" data-e-type="widget" data-widget_type="text-editor.default">
				<div class="elementor-widget-container">
									<p>Menez Hom is one of the highest peaks in Brittany. It rises 330 metres above the Crozon peninsula and offers exceptional views over the Porzay, the Bay of Douarnenez, the Aulne, the Crozon peninsula and the harbour of Brest.</p><p>After a pleasant climb along the footpaths, you'll reach its summit. And there, the view is exceptional. On the ocean side, you have a view from the bay of Douarnenez to the south and as far as the harbour of Brest to the north.</p><p>On the land side, you can see the Monts d'Arrée, Montagne St-Michel, Montagnes Noires and Montagne de Locronan. And if you're a keen walker, there are hundreds of kilometres of way-marked paths where you can discover these wild expanses where nature has retained all its rights.</p>								</div>
				</div>
				</div>
		<div class="elementor-element elementor-element-2054f8d7 e-con-full tourisme-img-left e-flex e-con e-parent" data-id="2054f8d7" data-element_type="container" data-e-type="container">
				<div class="elementor-element elementor-element-1fd01d34 elementor-widget elementor-widget-image" data-id="1fd01d34" data-element_type="widget" data-e-type="widget" data-widget_type="image.default">
				<div class="elementor-widget-container">
															<img fetchpriority="high" decoding="async" width="677" height="452" src="https://www.hotel-france-camaret.com/wp-content/uploads/2023/06/d72f03a9d09c78a996f240552c4a308256cd5e18.jpeg" class="attachment-large size-large wp-image-814" alt="" srcset="https://www.hotel-france-camaret.com/wp-content/uploads/2023/06/d72f03a9d09c78a996f240552c4a308256cd5e18.jpeg 677w, https://www.hotel-france-camaret.com/wp-content/uploads/2023/06/d72f03a9d09c78a996f240552c4a308256cd5e18-300x200.jpeg 300w, https://www.hotel-france-camaret.com/wp-content/uploads/2023/06/d72f03a9d09c78a996f240552c4a308256cd5e18-18x12.jpeg 18w" sizes="(max-width: 677px) 100vw, 677px" title="">															</div>
				</div>
				</div>
					</div>
				</div>
		<div class="elementor-element elementor-element-53a076e6 e-flex e-con-boxed e-con e-parent" data-id="53a076e6" data-element_type="container" data-e-type="container">
					<div class="e-con-inner">
				<div class="elementor-element elementor-element-36ba050c elementor-widget elementor-widget-heading" data-id="36ba050c" data-element_type="widget" data-e-type="widget" data-widget_type="heading.default">
				<div class="elementor-widget-container">
					<h3 class="elementor-heading-title elementor-size-default">Find out more about Brittany</h3>				</div>
				</div>
		<div class="elementor-element elementor-element-cdc0746 e-flex e-con-boxed e-con e-parent" data-id="cdc0746" data-element_type="container" data-e-type="container">
					<div class="e-con-inner">
		<div class="elementor-element elementor-element-f74d622 e-flex e-con-boxed e-con e-parent" data-id="f74d622" data-element_type="container" data-e-type="container">
					<div class="e-con-inner">
				<div class="elementor-element elementor-element-e35a6b7 elementor-position-inline-start elementor-mobile-position-inline-start elementor-view-default elementor-widget elementor-widget-icon-box" data-id="e35a6b7" data-element_type="widget" data-e-type="widget" data-widget_type="icon-box.default">
				<div class="elementor-widget-container">
							<div class="elementor-icon-box-wrapper">

						<div class="elementor-icon-box-icon">
				<a href="https://www.hotel-france-camaret.com/en/cap-sur-la-bretagne-hotel-finistere/le-parc-regional-darmorique/" class="elementor-icon" tabindex="-1" aria-label="Armorique Regional Park">
				<i aria-hidden="true" class="fas fa-angle-left"></i>				</a>
			</div>
			
						<div class="elementor-icon-box-content">

									<h3 class="elementor-icon-box-title">
						<a href="https://www.hotel-france-camaret.com/en/cap-sur-la-bretagne-hotel-finistere/le-parc-regional-darmorique/" >
							Armorique Regional Park						</a>
					</h3>
				
				
			</div>
			
		</div>
						</div>
				</div>
					</div>
				</div>
		<div class="elementor-element elementor-element-dadf5b1 e-flex e-con-boxed e-con e-parent" data-id="dadf5b1" data-element_type="container" data-e-type="container">
					<div class="e-con-inner">
				<div class="elementor-element elementor-element-3de2b40 elementor-position-inline-end elementor-mobile-position-inline-end elementor-view-default elementor-widget elementor-widget-icon-box" data-id="3de2b40" data-element_type="widget" data-e-type="widget" data-widget_type="icon-box.default">
				<div class="elementor-widget-container">
							<div class="elementor-icon-box-wrapper">

						<div class="elementor-icon-box-icon">
				<a href="https://www.hotel-france-camaret.com/en/cap-sur-la-bretagne-hotel-finistere/camaret-sur-mer/" class="elementor-icon" tabindex="-1" aria-label="Camaret-sur-Mer">
				<i aria-hidden="true" class="fas fa-angle-right"></i>				</a>
			</div>
			
						<div class="elementor-icon-box-content">

									<h3 class="elementor-icon-box-title">
						<a href="https://www.hotel-france-camaret.com/en/cap-sur-la-bretagne-hotel-finistere/camaret-sur-mer/" >
							Camaret-sur-Mer						</a>
					</h3>
				
				
			</div>
			
		</div>
						</div>
				</div>
					</div>
				</div>
					</div>
				</div>
					</div>
				</div>
				</div>

<p>Le Menez Hom L’un des points culminants de la Bretagne L’un des points culminants de la Bretagne Le Menez Hom Le Menez Hom est l&rsquo;un des plus hauts sommets de Bretagne. Il culmine à 330 mètres au-dessus de la Presqu&rsquo;île de Crozon et offre un panorama exceptionnel sur le Porzay, la Baie de Douarnenez, l&rsquo;Aulne, [&hellip;]</p>
